
{"id":33727,"date":"2021-03-02T12:58:57","date_gmt":"2021-03-02T11:58:57","guid":{"rendered":"https:\/\/cuinetes.shop\/producte\/tabla-de-corte-madera-de-acacia-18-cm\/"},"modified":"2022-06-08T18:01:04","modified_gmt":"2022-06-08T17:01:04","slug":"tabla-de-corte-madera-de-acacia-18-cm","status":"publish","type":"product","link":"https:\/\/cuinetes.shop\/es\/producto\/tabla-de-corte-madera-de-acacia-18-cm\/","title":{"rendered":"Tabla de Corte Madera de Acacia 18 cm"},"content":{"rendered":"<p>Las tablas de corte y de servir son un elemento esencial en todas las cocinas por su multifuncionalidad y practicidad. Es importante elegir una buena tabla para cortar en la cocina. Esta tabla de corte de madera de acacia ofrece un dise\u00f1o caracter\u00edstico por las aguas que hace\u00a0y la calidad de su madera es indiscutible. Est\u00e1 disponible en 3 tama\u00f1os distintos: 15 x 30 x 2 cm \/ 18 x 38 x 2 cm \/ 22 x 46 x 2 cm.<\/p>\n<p>Mantenimiento: No usar productos abrasivos para su limpieza. Se recomienda lavar a mano.<\/p>\n<p>Medidas: 18 x 38 x 2 cm<\/p>\n","protected":false},"excerpt":{"rendered":"<p>Esta pr\u00e1ctica tabla de corte rectangular es de madera de acacia y sirve tanto como superficie para cortar alimentos as\u00ed como para presentar en la mesa embutidos o quesos. Su pr\u00e1ctico dise\u00f1o nos ofrece un cord\u00f3n en uno de los extremos de la tabla para as\u00ed poder colgarla en la pared de la cocina o en un armario.\u00a0 Adem\u00e1s, este modelo de tabla de corte est\u00e1 disponible en 3 tama\u00f1os distintos.<\/p>\n","protected":false},"featured_media":13326,"comment_status":"open","ping_status":"closed","template":"","meta":[],"product_cat":[686,777,702,840,694,838,787,780,773],"product_tag":[],"class_list":{"0":"post-33727","1":"product","2":"type-product","3":"status-publish","4":"has-post-thumbnail","6":"product_brand-andrea-house-es","7":"product_cat-a-la-mesa","8":"product_cat-bandejas-y-cuencos","9":"product_cat-cocinar","10":"product_cat-generico-sostenibilidad","11":"product_cat-novedades-cuinetes","12":"product_cat-sostenibilidad","13":"product_cat-tablas-de-corte","14":"product_cat-utensilios-de-corte","15":"product_cat-utensilios-para-servir","18":"first","19":"instock","20":"taxable","21":"shipping-taxable","22":"purchasable","23":"product-type-simple"},"yoast_head":"<!-- This site is optimized with the Yoast SEO plugin v26.1.1 - https:\/\/yoast.com\/wordpress\/plugins\/seo\/ -->\n<title>Tabla de Corte Madera de Acacia 18 cm - Tienda de utensilios de cocina - Cuinetes<\/title>\n<meta name=\"robots\" content=\"index, follow, max-snippet:-1, max-image-preview:large, max-video-preview:-1\" \/>\n<link rel=\"canonical\" href=\"https:\/\/cuinetes.shop\/es\/producto\/tabla-de-corte-madera-de-acacia-18-cm\/\" \/>\n<meta property=\"og:locale\" content=\"es_ES\" \/>\n<meta property=\"og:type\" content=\"article\" \/>\n<meta property=\"og:title\" content=\"Tabla de Corte Madera de Acacia 18 cm - Tienda de utensilios de cocina - Cuinetes\" \/>\n<meta property=\"og:description\" content=\"Esta pr\u00e1ctica tabla de corte rectangular es de madera de acacia y sirve tanto como superficie para cortar alimentos as\u00ed como para presentar en la mesa embutidos o quesos. Su pr\u00e1ctico dise\u00f1o nos ofrece un cord\u00f3n en uno de los extremos de la tabla para as\u00ed poder colgarla en la pared de la cocina o en un armario.\u00a0 Adem\u00e1s, este modelo de tabla de corte est\u00e1 disponible en 3 tama\u00f1os distintos.\" \/>\n<meta property=\"og:url\" content=\"https:\/\/cuinetes.shop\/es\/producto\/tabla-de-corte-madera-de-acacia-18-cm\/\" \/>\n<meta property=\"og:site_name\" content=\"Tienda de utensilios de cocina - Cuinetes\" \/>\n<meta property=\"article:modified_time\" content=\"2022-06-08T17:01:04+00:00\" \/>\n<meta property=\"og:image\" content=\"https:\/\/cuinetes.shop\/wp-content\/uploads\/2021\/03\/1279-Taula-de-Tall-Fusta-dAcacia-18-cm.jpg\" \/>\n\t<meta property=\"og:image:width\" content=\"1500\" \/>\n\t<meta property=\"og:image:height\" content=\"1244\" \/>\n\t<meta property=\"og:image:type\" content=\"image\/jpeg\" \/>\n<meta name=\"twitter:card\" content=\"summary_large_image\" \/>\n<script type=\"application\/ld+json\" class=\"yoast-schema-graph\">{\"@context\":\"https:\/\/schema.org\",\"@graph\":[{\"@type\":\"WebPage\",\"@id\":\"https:\/\/cuinetes.shop\/es\/producto\/tabla-de-corte-madera-de-acacia-18-cm\/\",\"url\":\"https:\/\/cuinetes.shop\/es\/producto\/tabla-de-corte-madera-de-acacia-18-cm\/\",\"name\":\"Tabla de Corte Madera de Acacia 18 cm - Tienda de utensilios de cocina - Cuinetes\",\"isPartOf\":{\"@id\":\"https:\/\/cuinetes.shop\/es\/#website\"},\"primaryImageOfPage\":{\"@id\":\"https:\/\/cuinetes.shop\/es\/producto\/tabla-de-corte-madera-de-acacia-18-cm\/#primaryimage\"},\"image\":{\"@id\":\"https:\/\/cuinetes.shop\/es\/producto\/tabla-de-corte-madera-de-acacia-18-cm\/#primaryimage\"},\"thumbnailUrl\":\"https:\/\/cuinetes.shop\/wp-content\/uploads\/2021\/03\/1279-Taula-de-Tall-Fusta-dAcacia-18-cm.jpg\",\"datePublished\":\"2021-03-02T11:58:57+00:00\",\"dateModified\":\"2022-06-08T17:01:04+00:00\",\"breadcrumb\":{\"@id\":\"https:\/\/cuinetes.shop\/es\/producto\/tabla-de-corte-madera-de-acacia-18-cm\/#breadcrumb\"},\"inLanguage\":\"es\",\"potentialAction\":[{\"@type\":\"ReadAction\",\"target\":[\"https:\/\/cuinetes.shop\/es\/producto\/tabla-de-corte-madera-de-acacia-18-cm\/\"]}]},{\"@type\":\"ImageObject\",\"inLanguage\":\"es\",\"@id\":\"https:\/\/cuinetes.shop\/es\/producto\/tabla-de-corte-madera-de-acacia-18-cm\/#primaryimage\",\"url\":\"https:\/\/cuinetes.shop\/wp-content\/uploads\/2021\/03\/1279-Taula-de-Tall-Fusta-dAcacia-18-cm.jpg\",\"contentUrl\":\"https:\/\/cuinetes.shop\/wp-content\/uploads\/2021\/03\/1279-Taula-de-Tall-Fusta-dAcacia-18-cm.jpg\",\"width\":1500,\"height\":1244,\"caption\":\"Taula de Tall Fusta d'Ac\u00e0cia 18 cm\"},{\"@type\":\"BreadcrumbList\",\"@id\":\"https:\/\/cuinetes.shop\/es\/producto\/tabla-de-corte-madera-de-acacia-18-cm\/#breadcrumb\",\"itemListElement\":[{\"@type\":\"ListItem\",\"position\":1,\"name\":\"Home\",\"item\":\"https:\/\/cuinetes.shop\/es\/\"},{\"@type\":\"ListItem\",\"position\":2,\"name\":\"Tienda\",\"item\":\"https:\/\/cuinetes.shop\/es\/tienda\/\"},{\"@type\":\"ListItem\",\"position\":3,\"name\":\"Tabla de Corte Madera de Acacia 18 cm\"}]},{\"@type\":\"WebSite\",\"@id\":\"https:\/\/cuinetes.shop\/es\/#website\",\"url\":\"https:\/\/cuinetes.shop\/es\/\",\"name\":\"Tienda de utensilios de cocina - Cuinetes\",\"description\":\"\",\"potentialAction\":[{\"@type\":\"SearchAction\",\"target\":{\"@type\":\"EntryPoint\",\"urlTemplate\":\"https:\/\/cuinetes.shop\/es\/?s={search_term_string}\"},\"query-input\":{\"@type\":\"PropertyValueSpecification\",\"valueRequired\":true,\"valueName\":\"search_term_string\"}}],\"inLanguage\":\"es\"}]}<\/script>\n<!-- \/ Yoast SEO plugin. -->","yoast_head_json":{"title":"Tabla de Corte Madera de Acacia 18 cm - Tienda de utensilios de cocina - Cuinetes","robots":{"index":"index","follow":"follow","max-snippet":"max-snippet:-1","max-image-preview":"max-image-preview:large","max-video-preview":"max-video-preview:-1"},"canonical":"https:\/\/cuinetes.shop\/es\/producto\/tabla-de-corte-madera-de-acacia-18-cm\/","og_locale":"es_ES","og_type":"article","og_title":"Tabla de Corte Madera de Acacia 18 cm - Tienda de utensilios de cocina - Cuinetes","og_description":"Esta pr\u00e1ctica tabla de corte rectangular es de madera de acacia y sirve tanto como superficie para cortar alimentos as\u00ed como para presentar en la mesa embutidos o quesos. Su pr\u00e1ctico dise\u00f1o nos ofrece un cord\u00f3n en uno de los extremos de la tabla para as\u00ed poder colgarla en la pared de la cocina o en un armario.\u00a0 Adem\u00e1s, este modelo de tabla de corte est\u00e1 disponible en 3 tama\u00f1os distintos.","og_url":"https:\/\/cuinetes.shop\/es\/producto\/tabla-de-corte-madera-de-acacia-18-cm\/","og_site_name":"Tienda de utensilios de cocina - Cuinetes","article_modified_time":"2022-06-08T17:01:04+00:00","og_image":[{"width":1500,"height":1244,"url":"https:\/\/cuinetes.shop\/wp-content\/uploads\/2021\/03\/1279-Taula-de-Tall-Fusta-dAcacia-18-cm.jpg","type":"image\/jpeg"}],"twitter_card":"summary_large_image","schema":{"@context":"https:\/\/schema.org","@graph":[{"@type":"WebPage","@id":"https:\/\/cuinetes.shop\/es\/producto\/tabla-de-corte-madera-de-acacia-18-cm\/","url":"https:\/\/cuinetes.shop\/es\/producto\/tabla-de-corte-madera-de-acacia-18-cm\/","name":"Tabla de Corte Madera de Acacia 18 cm - Tienda de utensilios de cocina - Cuinetes","isPartOf":{"@id":"https:\/\/cuinetes.shop\/es\/#website"},"primaryImageOfPage":{"@id":"https:\/\/cuinetes.shop\/es\/producto\/tabla-de-corte-madera-de-acacia-18-cm\/#primaryimage"},"image":{"@id":"https:\/\/cuinetes.shop\/es\/producto\/tabla-de-corte-madera-de-acacia-18-cm\/#primaryimage"},"thumbnailUrl":"https:\/\/cuinetes.shop\/wp-content\/uploads\/2021\/03\/1279-Taula-de-Tall-Fusta-dAcacia-18-cm.jpg","datePublished":"2021-03-02T11:58:57+00:00","dateModified":"2022-06-08T17:01:04+00:00","breadcrumb":{"@id":"https:\/\/cuinetes.shop\/es\/producto\/tabla-de-corte-madera-de-acacia-18-cm\/#breadcrumb"},"inLanguage":"es","potentialAction":[{"@type":"ReadAction","target":["https:\/\/cuinetes.shop\/es\/producto\/tabla-de-corte-madera-de-acacia-18-cm\/"]}]},{"@type":"ImageObject","inLanguage":"es","@id":"https:\/\/cuinetes.shop\/es\/producto\/tabla-de-corte-madera-de-acacia-18-cm\/#primaryimage","url":"https:\/\/cuinetes.shop\/wp-content\/uploads\/2021\/03\/1279-Taula-de-Tall-Fusta-dAcacia-18-cm.jpg","contentUrl":"https:\/\/cuinetes.shop\/wp-content\/uploads\/2021\/03\/1279-Taula-de-Tall-Fusta-dAcacia-18-cm.jpg","width":1500,"height":1244,"caption":"Taula de Tall Fusta d'Ac\u00e0cia 18 cm"},{"@type":"BreadcrumbList","@id":"https:\/\/cuinetes.shop\/es\/producto\/tabla-de-corte-madera-de-acacia-18-cm\/#breadcrumb","itemListElement":[{"@type":"ListItem","position":1,"name":"Home","item":"https:\/\/cuinetes.shop\/es\/"},{"@type":"ListItem","position":2,"name":"Tienda","item":"https:\/\/cuinetes.shop\/es\/tienda\/"},{"@type":"ListItem","position":3,"name":"Tabla de Corte Madera de Acacia 18 cm"}]},{"@type":"WebSite","@id":"https:\/\/cuinetes.shop\/es\/#website","url":"https:\/\/cuinetes.shop\/es\/","name":"Tienda de utensilios de cocina - Cuinetes","description":"","potentialAction":[{"@type":"SearchAction","target":{"@type":"EntryPoint","urlTemplate":"https:\/\/cuinetes.shop\/es\/?s={search_term_string}"},"query-input":{"@type":"PropertyValueSpecification","valueRequired":true,"valueName":"search_term_string"}}],"inLanguage":"es"}]}},"_links":{"self":[{"href":"https:\/\/cuinetes.shop\/es\/wp-json\/wp\/v2\/product\/33727","targetHints":{"allow":["GET"]}}],"collection":[{"href":"https:\/\/cuinetes.shop\/es\/wp-json\/wp\/v2\/product"}],"about":[{"href":"https:\/\/cuinetes.shop\/es\/wp-json\/wp\/v2\/types\/product"}],"replies":[{"embeddable":true,"href":"https:\/\/cuinetes.shop\/es\/wp-json\/wp\/v2\/comments?post=33727"}],"wp:featuredmedia":[{"embeddable":true,"href":"https:\/\/cuinetes.shop\/es\/wp-json\/wp\/v2\/media\/13326"}],"wp:attachment":[{"href":"https:\/\/cuinetes.shop\/es\/wp-json\/wp\/v2\/media?parent=33727"}],"wp:term":[{"taxonomy":"product_cat","embeddable":true,"href":"https:\/\/cuinetes.shop\/es\/wp-json\/wp\/v2\/product_cat?post=33727"},{"taxonomy":"product_tag","embeddable":true,"href":"https:\/\/cuinetes.shop\/es\/wp-json\/wp\/v2\/product_tag?post=33727"}],"curies":[{"name":"wp","href":"https:\/\/api.w.org\/{rel}","templated":true}]}}

<p>Las tablas de corte y de servir son un elemento esencial en todas las cocinas por su multifuncionalidad y practicidad. Es importante elegir una buena tabla para cortar en la cocina. Esta tabla de corte de madera de acacia ofrece un diseño característico por las aguas que hace y la calidad de su madera es indiscutible. Está disponible en 3 tamaños distintos: 15 x 30 x 2 cm / 18 x 38 x 2 cm / 22 x 46 x 2 cm.</p>
<p>Mantenimiento: No usar productos abrasivos para su limpieza. Se recomienda lavar a mano.</p>
<p>Medidas: 18 x 38 x 2 cm</p>

<p>Esta práctica tabla de corte rectangular es de madera de acacia y sirve tanto como superficie para cortar alimentos así como para presentar en la mesa embutidos o quesos. Su práctico diseño nos ofrece un cordón en uno de los extremos de la tabla para así poder colgarla en la pared de la cocina o en un armario.  Además, este modelo de tabla de corte está disponible en 3 tamaños distintos.</p>

<!-- This site is optimized with the Yoast SEO plugin v26.1.1 - https://yoast.com/wordpress/plugins/seo/ -->
<title>Tabla de Corte Madera de Acacia 18 cm - Tienda de utensilios de cocina - Cuinetes</title>
<meta name="robots" content="index, follow, max-snippet:-1, max-image-preview:large, max-video-preview:-1" />
<link rel="canonical" href="https://cuinetes.shop/es/producto/tabla-de-corte-madera-de-acacia-18-cm/" />
<meta property="og:locale" content="es_ES" />
<meta property="og:type" content="article" />
<meta property="og:title" content="Tabla de Corte Madera de Acacia 18 cm - Tienda de utensilios de cocina - Cuinetes" />
<meta property="og:description" content="Esta práctica tabla de corte rectangular es de madera de acacia y sirve tanto como superficie para cortar alimentos así como para presentar en la mesa embutidos o quesos. Su práctico diseño nos ofrece un cordón en uno de los extremos de la tabla para así poder colgarla en la pared de la cocina o en un armario.  Además, este modelo de tabla de corte está disponible en 3 tamaños distintos." />
<meta property="og:url" content="https://cuinetes.shop/es/producto/tabla-de-corte-madera-de-acacia-18-cm/" />
<meta property="og:site_name" content="Tienda de utensilios de cocina - Cuinetes" />
<meta property="article:modified_time" content="2022-06-08T17:01:04+00:00" />
<meta property="og:image" content="https://cuinetes.shop/wp-content/uploads/2021/03/1279-Taula-de-Tall-Fusta-dAcacia-18-cm.jpg" />
	<meta property="og:image:width" content="1500" />
	<meta property="og:image:height" content="1244" />
	<meta property="og:image:type" content="image/jpeg" />
<meta name="twitter:card" content="summary_large_image" />
<script type="application/ld+json" class="yoast-schema-graph">{"@context":"https://schema.org","@graph":[{"@type":"WebPage","@id":"https://cuinetes.shop/es/producto/tabla-de-corte-madera-de-acacia-18-cm/","url":"https://cuinetes.shop/es/producto/tabla-de-corte-madera-de-acacia-18-cm/","name":"Tabla de Corte Madera de Acacia 18 cm - Tienda de utensilios de cocina - Cuinetes","isPartOf":{"@id":"https://cuinetes.shop/es/#website"},"primaryImageOfPage":{"@id":"https://cuinetes.shop/es/producto/tabla-de-corte-madera-de-acacia-18-cm/#primaryimage"},"image":{"@id":"https://cuinetes.shop/es/producto/tabla-de-corte-madera-de-acacia-18-cm/#primaryimage"},"thumbnailUrl":"https://cuinetes.shop/wp-content/uploads/2021/03/1279-Taula-de-Tall-Fusta-dAcacia-18-cm.jpg","datePublished":"2021-03-02T11:58:57+00:00","dateModified":"2022-06-08T17:01:04+00:00","breadcrumb":{"@id":"https://cuinetes.shop/es/producto/tabla-de-corte-madera-de-acacia-18-cm/#breadcrumb"},"inLanguage":"es","potentialAction":[{"@type":"ReadAction","target":["https://cuinetes.shop/es/producto/tabla-de-corte-madera-de-acacia-18-cm/"]}]},{"@type":"ImageObject","inLanguage":"es","@id":"https://cuinetes.shop/es/producto/tabla-de-corte-madera-de-acacia-18-cm/#primaryimage","url":"https://cuinetes.shop/wp-content/uploads/2021/03/1279-Taula-de-Tall-Fusta-dAcacia-18-cm.jpg","contentUrl":"https://cuinetes.shop/wp-content/uploads/2021/03/1279-Taula-de-Tall-Fusta-dAcacia-18-cm.jpg","width":1500,"height":1244,"caption":"Taula de Tall Fusta d'Acàcia 18 cm"},{"@type":"BreadcrumbList","@id":"https://cuinetes.shop/es/producto/tabla-de-corte-madera-de-acacia-18-cm/#breadcrumb","itemListElement":[{"@type":"ListItem","position":1,"name":"Home","item":"https://cuinetes.shop/es/"},{"@type":"ListItem","position":2,"name":"Tienda","item":"https://cuinetes.shop/es/tienda/"},{"@type":"ListItem","position":3,"name":"Tabla de Corte Madera de Acacia 18 cm"}]},{"@type":"WebSite","@id":"https://cuinetes.shop/es/#website","url":"https://cuinetes.shop/es/","name":"Tienda de utensilios de cocina - Cuinetes","description":"","potentialAction":[{"@type":"SearchAction","target":{"@type":"EntryPoint","urlTemplate":"https://cuinetes.shop/es/?s={search_term_string}"},"query-input":{"@type":"PropertyValueSpecification","valueRequired":true,"valueName":"search_term_string"}}],"inLanguage":"es"}]}</script>
<!-- / Yoast SEO plugin. -->

Esta práctica tabla de corte rectangular es de madera de acacia y sirve tanto como superficie para cortar alimentos así como para presentar en la mesa embutidos o quesos. Su práctico diseño nos ofrece un cordón en uno de los extremos de la tabla para así poder colgarla en la pared de la cocina o en un armario.  Además, este modelo de tabla de corte está disponible en 3 tamaños distintos.

Taula de Tall Fusta d'Acàcia 18 cm
